 - 119. Let c = -24 - j. What is the tens digit of c?
3
Suppose 8*n - 11540 = -884. What is the thousands digit of n?
1
Let k = 1 + 1. Suppose -k*q + 5 = -5*q - 4*y, 15 = 4*q + y. Suppose 4*h + 4*o = -0*h + 112, 94 = 3*h + q*o. What is the units digit of h?
3
Let q(r) = r**3 - 12*r**2 + 12*r - 20. Let o be q(12). Suppose -7*p = -4*s - 2*p + 161, -4*p = 3*s - 144. Suppose s = 3*f - o. What is the tens digit of f?
5
Suppose f - 498 = -x - 0*f, 2*x - 3*f = 1016. Suppose -842 - x = -8*i. What is the hundreds digit of i?
1
Let y = 32 - 38. Let c(m) = -13*m**3 - 21*m**2 + 52*m + 3. Let i(p) = 3*p**3 + 5*p**2 - 13*p - 1. Let f(d) = -2*c(d) - 9*i(d). What is the units digit of f(y)?
3
Let h(k) = k**2 - 2*k + 1. Let t be h(3). Suppose 0 = -t*y - 33 + 281. Let v = -44 + y. What is the tens digit of v?
1
Suppose 2*k = 2*n - 22, -n = -6*n + 3*k + 57. Suppose 36 = 6*b - n. What is the units digit of b?
8
Let j be 3219/(-12) - 3/(-12). Let u = -400 - j. What is the units digit of -2 + u/(-4) - 1?
0
Let p(y) = -756*y - 8. Let g(x) = -108*x - 1. Let c(r) = 20*g(r) - 3*p(r). What is the units digit of c(1)?
2
Suppose 5 = 2*q + z, -q - 2 = z + z. Let d be (-1)/((-33)/15 + 2). Suppose -4*w - 24 = -3*n, 3*n = q*n + d*w - 27. What is the tens digit of n?
1
Suppose 0 = 4*l - 3*y - 3833, -2*l + 2*y + 0*y + 1916 = 0. What is the units digit of l?
9
Suppose c - 2*c + 3*s - 9 = 0, -27 = 3*c - s. Let v(q) = -q**2 + 1. Let h(x) = x**2 - 5*x + 9. Let y(k) = -h(k) - 2*v(k). What is the units digit of y(c)?
5
Let q = 394 - 358. What is the units digit of q?
6
Suppose -3*y = -g + 12, 4*y = -g + 4*g - 11. Let i(k) = -25*k - 16. What is the hundreds digit of i(y)?
1
Suppose 3*z + 3*u - 402 = 0, -4*z + 2*u = -406 - 130. Let x = -74 + z. What is the units digit of x?
0
Let v(n) = n**2 + 10*n - 17. Let p be v(-14). Let h = 57 - p. What is the tens digit of h?
1
Let z(g) = 16*g**2 + 102*g - 1 - 102*g + 8*g**2. Let c be z(-1). Suppose -3 = 2*t + 3*b - 12, 0 = -4*t - b + c. What is the units digit of t?
6
Let k be (-749)/(-5) + 4/20. Let o be ((-2)/4)/(3/k). Let w = o - -53. What is the units digit of w?
8
Let y = 567 + -404. Suppose y = -x + 2*x. What is the hundreds digit of x?
1
Let w be -243 + 4 + -2 + -2. Let x = -166 - w. What is the tens digit of x?
7
Suppose 6*m + 29 - 2819 = 0. What is the units digit of m?
5
Let m(u) = 812*u - 810. What is the tens digit of m(5)?
5
Let m(j) = j + 8. Suppose 6*n + 16 = 70. What is the units digit of m(n)?
7
Suppose -161160 = -28*i - 12*i. What is the thousands digit of i?
4
Let w be (0 - 4) + (-150)/(-15). Suppose w = -f + 8. Suppose -f*d + 8 = 0, -5*d + 0*d + 41 = 3*b. What is the units digit of b?
7
Let j be 26/8 + 45/60. Suppose -2*x - j*p + 101 = x, -2*x = 2*p - 68. What is the units digit of x?
5
Suppose 3*x - 2*l + 2044 = -315, 0 = 4*x - l + 3137. What is the units digit of 2/(-5) + x/(-45)?
7
Let v(l) = 6*l**2 + 42*l - 96. What is the thousands digit of v(19)?
2
Suppose 2*r + 2*b - 3*b = -8, -5*b = -r + 14. Let n be (-10)/6*r/5. Suppose 0 = 5*q + 2*c - 180, -180 = -n*q - 3*q + 3*c. What is the tens digit of q?
3
Suppose -4 = -5*i + i. Suppose 2*d + 416 = 4*u, i + 3 = -d. Let z = u - 56. What is the units digit of z?
6
Let x(f) = 76*f. Let t be x(1). Suppose -72 - t = -4*d. What is the units digit of d?
7
Let o = 9020 + -5909. What is the tens digit of o?
1
Let m(k) = 3*k - 7. What is the units digit of m(10)?
3
Let p(z) = -z**2 - 20*z - 5. What is the units digit of p(-9)?
4
Suppose -15736 = -13*z + 13462. What is the thousands digit of z?
2
Suppose -7*k + 538 = -6*k + h, 0 = 4*h + 8. What is the hundreds digit of k?
5
Suppose -4*k - 204 = -4*s, 4*k + 31 + 20 = s. Suppose -w + 191 = -s. What is the units digit of w?
2
Let t(u) = u**3 + 9*u**2 + 9*u + 12. Let r be t(-8). Suppose -46 = -4*i - 2*o, -3*i + i + 20 = r*o. What is the tens digit of i?
1
Let r be (10/(-5))/(2/25*5). Let q(h) = -3*h**2 + 2*h - 3. Let l be q(3). Let x = r - l. What is the units digit of x?
9
Let r(l) = l**3 - 11*l**2 - 25*l - 12. What is the hundreds digit of r(15)?
5
What is the hundreds digit of 5110/20*(-44)/(-7)?
6
Let d be (0*(-4)/(-16))/2. Let f be (-1 - -2) + (0 - -15). Suppose 4*o + d*o = f. What is the units digit of o?
4
Let m = 30 - 57. Let u be 6/(-27) - 87/m. Let t(b) = 3*b - 7. What is the units digit of t(u)?
2
Suppose 0 = -4*r - 593 + 49. Let k be (-5)/(15/6) - r. Suppose -2*s + 4*s - k = 0. What is the units digit of s?
7
Let b = -5 - -6. Suppose -j + 69 = b. What is the tens digit of j?
6
Let w = -398 - -838. What is the units digit of w?
0
Let i(q) = -q**2 - 9*q + 1. Let y be i(-10). Let j = y - -30. What is the units digit of j?
1
Let u be (-1)/2*(2 + 60). Suppose -7*q + 7 = z - 2*q, -5*z - 4*q - 49 = 0. Let j = z - u. What is the units digit of j?
8
Let n = -166 - -241. Suppose 0 = -f + 2*x + n, 0*f - 2*f = 3*x - 136. What is the units digit of f?
1
Suppose 4*n + 492 = 4*u, 5*n + 487 = 4*u + 2*n. What is the tens digit of u?
1
Let y = 638 - 265. What is the units digit of y?
3
Let g be (-56)/(-2) + (-28)/7. Suppose g = v - 0*v. What is the units digit of v?
4
Let i be 6/4*(-10)/3. What is the hundreds digit of (-743)/i - ((-6)/15)/1?
1
Suppose 20*s - 5349 - 371 = 0. What is the hundreds digit of s?
2
What is the units digit of (-47290)/(-34) - (-40)/340?
1
What is the tens digit of 522/(-203)*(-14)/6 - -706?
1
Let j be 16*1 - 6/6. What is the tens digit of ((-6)/j)/((-5)/325)?
2
Let l(v) = -v**3 - v**2 - 2*v + 1. Let d be l(2). Let z = d - -20. Suppose z*c - 38 = 3*c. What is the units digit of c?
9
Let h(f) = -17*f + 28. Let b(s) = 18*s - 29. Let x(o) = -4*b(o) - 3*h(o). What is the units digit of x(-4)?
6
Let r(v) = -v**3 - 2*v**2 - v - 3. Let h be r(-3). Let t = -7 + h. Suppose t*b - u = 4*u + 19, -5*b - 2*u = -120. What is the units digit of b?
2
Let l = -54 - -645. What is the units digit of l?
1
Let g = 1085 - -883. What is the thousands digit of g?
1
Let o = 258 + -147. What is the tens digit of o?
1
Suppose 5*h - 301 - 684 = 0. What is the units digit of h?
7
Let r = 870 + -479. What is the tens digit of r?
9
Let u(j) = -j**3 - 6*j**2 - j - 3. Let g be u(-6). Let l be (g - (-3 - -6))/2. Suppose -3*o = 3*n - 4*n + 19, o + 2 = l. What is the units digit of n?
3
Let d(u) = 3*u**2 + 5*u. Let z be d(5). Suppose 0 = -3*t + 3*o + 18, -5*o = -2*t - 5 + 23. Suppose -t*l - i = -z, 4*l = l + i + 68. What is the tens digit of l?
2
Let p = -64 - -67. What is the units digit of (p - (5 + 1))*-7?
1
Suppose 15 = 3*v - 5*t, 5*v - 2*t - 14 = 11. Suppose v*z + 14 = -241. Let i = -7 - z. What is the tens digit of i?
4
Let k(f) be the first derivative of -6*f**2 - 51*f + 10. What is the tens digit of k(-7)?
3
What is the thousands digit of (-11 - 0 - -7) + 1319?
1
Let a(q) = 15 + 8*q**2 + 14 - 7*q**2 + 29*q - 11*q. What is the tens digit of a(-21)?
9
Let k(y) = y + 2. Let z(p) = 18*p + 3. Let g be z(1). What is the tens digit of k(g)?
2
Let g be 26/117 - 230/(-18). Suppose 7*v = 8*v - g. What is the units digit of v?
3
Suppose -32 = -3*l + 58. Let s = l + -15. What is the tens digit of s?
1
Let a = -4173 + 5957. What is the thousands digit of a?
1
Let g be (-1)/3 - 122/(-6). Let k = -20 + g. Suppose j = -k*j + 23. What is the units digit of j?
3
Let a = 17 - 18. Let v be (0 - -2 - a) + 0. Suppose -9 = v*r - 129. What is the tens digit of r?
4
What is the thousands digit of 7 + 2988 + 5 + 7?
3
Let c(n) = -10 + 5 + 3*n + 5*n**2 + 6*n**2 + 2. What is the units digit of c(-3)?
7
What is the units digit of (4308/16)/((-15)/(-20) + 0)?
9
Let n(t) = 11*t**2 + 3*t + 2. Let z be n(-3). Let i = -34 + 80. Suppose 3*g - 5*s = z, -5*s = -4*g + 167 - i. What is the tens digit of g?
2
Let k = -51 - -49. What is the units digit of ((-30)/(-12))/(k/(-4))?
5
Let c(l) = 26*l**2 + l. Let g be c(-1). Let h = 51 - g. What is the units digit of h?
6
Let z(x) = 5*x**2 + 4*x + 3. Let y = 13 + 2. Let a = -17 + y. What is the units digit of z(a)?
5
Let a be 3*4/6 + 1. Suppose -a*s = -3 - 6. What is the units digit of ((-1)/(-2))/(s/138)?
3
Let q(n) = 28*n - 6. Let s(k) = 14*k - 3. Let y(a) = 6*q(a) - 13*s(a). Let m be y(6). What is the units digit of (-40)/(-6)*m/(-18)?
0
Let m be ((-457)/3 + -1)/((-2)/6). What is the units digit of m/(25/5) + -1?
1
Suppose -5*b = 2*f - 265